posite number?
True
Is 762269 composite?
True
Is 6903901 prime?
True
Is 254648026 prime?
False
Is 228481529 a composite number?
False
Is 5038963 prime?
True
Is 154571 a composite number?
False
Is 7197087 a prime number?
False
Is 1116499 composite?
False
Is 137657 composite?
True
Is 20047957 composite?
True
Is 21091703 prime?
True
Is 333832579 a composite number?
True
Is 74065661 a prime number?
True
Is 1644817 a composite number?
False
Is 22097983 prime?
False
Is 9706945 a prime number?
False
Is 1911113 a composite number?
True
Is 11129941 a composite number?
False
Is 27838703 composite?
False
Is 21557099 composite?
False
Is 5423687 composite?
False
Is 10627939 a composite number?
True
Is 880577 prime?
False
Is 1166377 composite?
True
Is 50317153 prime?
True
Is 3938341 composite?
True
Is 6404413 a composite number?
True
Is 19027343 composite?
False
Is 252044197 prime?
False
Is 1660185595 a prime number?
False
Is 241272961 prime?
True
Is 43588859 a composite number?
True
Is 2366981 composite?
True
Is 2075057 a composite number?
True
Is 322521 prime?
False
Is 2870954 a composite number?
True
Is 39081947 a prime number?
False
Is 10470029 composite?
False
Is 2451406 a composite number?
True
Is 287491273 prime?
True
Is 1758149 a composite number?
False
Is 139579549 composite?
False
Is 2850811 a composite number?
False
Is 1023163 a composite number?
False
Is 1422591 a prime number?
False
Is 56319163 composite?
False
Is 1288757 composite?
True
Is 60339 a prime number?
False
Is 399391 composite?
False
Is 139157 a composite number?
True
Is 16178881 a prime number?
True
Is 1764259 a prime number?
False
Is 6676591 prime?
False
Is 5309633 prime?
False
Is 156288203 a composite number?
False
Is 1102889 a composite number?
True
Is 777943 composite?
True
Is 230441 prime?
False
Is 330187971 a prime number?
False
Is 73395503 a composite number?
True
Is 15110761 prime?
True
Is 2665921 a prime number?
False
Is 535559 prime?
False
Is 293711 composite?
True
Is 76327259 a composite number?
True
Is 50036179 a composite number?
True
Is 5863483 a composite number?
True
Is 15404353 prime?
True
Is 24027683 a prime number?
True
Is 11666189 composite?
True
Is 80711537 a composite number?
False
Is 341751101 a composite number?
False
Is 162235349 composite?
False
Is 5056483 composite?
True
Is 25456417 a prime number?
False
Is 144062651 composite?
False
Is 11407843 a composite number?
False
Is 6700777 a composite number?
False
Is 2645681 prime?
True
Is 206285 a prime number?
False
Is 2213539 a prime number?
False
Is 264022459 a prime number?
False
Is 137426021 composite?
False
Is 240734707 prime?
False
Is 5232624343 composite?
False
Is 215154629 a composite number?
True
Is 13157567 composite?
False
Is 3371867 prime?
True
Is 35457263 composite?
False
Is 39125837 a composite number?
False
Is 6473099 a composite number?
False
Is 410339639 a prime number?
True
Is 6833735 prime?
False
Is 11305529 a prime number?
False
Is 2633101 a composite number?
False
Is 128985809 composite?
True
Is 51449843 a composite number?
False
Is 10179313 a prime number?
False
Is 576175199 prime?
False
Is 261800333 a prime number?
True
Is 8426581 prime?
False
Is 44664127 composite?
False
Is 8243591 a composite number?
True
Is 88327997 a composite number?
True
Is 1367300919 a composite number?
True
Is 12634229 a prime number?
False
Is 9122431 a prime number?
False
Is 13838413 composite?
False
Is 13596119 a prime number?
True
Is 69486689 composite?
True
Is 551466527 a composite number?
True
Is 244187 prime?
False
Is 18349829 prime?
True
Is 240553 composite?
True
Is 156259841 a composite number?
False
Is 13879217 composite?
True
Is 1173511 composite?
False
Is 2393467 a composite number?
False
Is 5222051 a composite number?
False
Is 3402251 prime?
False
Is 4230557 composite?
True
Is 160949909 a composite number?
False
Is 1689911 composite?
False
Is 375720029 a composite number?
False
Is 5642411 a composite number?
True
Is 14534921 a composite number?
True
Is 6470531 a prime number?
True
Is 9909281 a composite number?
True
Is 103349 composite?
False
Is 11653399 composite?
False
Is 119969 a prime number?
False
Is 80812447 composite?
False
Is 333587 a prime number?
False
Is 4114321 prime?
True
Is 124568029 prime?
True
Is 9000557 a composite number?
True
Is 11758027 composite?
False
Is 5655157 a composite number?
False
Is 54008366 a prime number?
False
Is 3118177 a prime number?
False
Is 119896123 composite?
True
Is 1481309 a composite number?
False
Is 13125743 prime?
False
Is 592283 prime?
False
Is 421881211 prime?
False
Is 12201131 composite?
False
Is 3501799 a composite number?
True
Is 19171463 a composite number?
False
Is 6332717 composite?
True
Is 66127469 composite?
False
Is 7039559 prime?
True
Is 256805 composite?
True
Is 1007281 composite?
True
Is 2152351 prime?
False
Is 11847019 composite?
True
Is 5989413 prime?
False
Is 1518793 a prime number?
False
Is 13380023 prime?
True
Is 2196841 prime?
True
Is 690653 a prime number?
False
Is 101079509 a prime number?
True
Is 360926 prime?
False
Is 88813862 a composite number?
True
Is 17355551 prime?
True
Is 34343801 a composite number?
True
Is 3278917 composite?
False
Is 14682761 composite?
True
Is 1221853 a composite number?
False
Is 129941711 prime?
True
Is 20005373 prime?
False
Is 8638843 a prime number?
True
Is 690384283 prime?
True
Is 22257881 a prime number?
True
Is 109005463 a composite number?
True
Is 3657047 a prime number?
False
Is 37344217 prime?
True
Is 14262533 a composite number?
False
Is 58153177 prime?
False
Is 21657639 a prime number?
False
Is 837517 composite?
True
Is 52281653 a composite number?
True
Is 78657155 a composite number?
True
Is 95237729 prime?
True
Is 30226211 a prime number?
False
Is 43472471 a composite number?
True
Is 25999199 composite?
False
Is 6558581 prime?
True
Is 4883071 a prime number?
True
Is 4389871 prime?
True
Is 294103 a prime number?
True
Is 143250353 a composite number?
False
Is 89652869 a prime number?
True
Is 52566913 a composite number?
True
Is 179866567 composite?
True
Is 24965923 composite?
False
Is 917471545 a prime number?
False
Is 53440241 prime?
False
Is 859751 prime?
True
Is 1274487 a composite number?
True
Is 1221938 a composite number?
True
Is 2997221 a prime number?
True
Is 1242403 composite?
False
Is 1631 composite?
True
Is 9788509 composite?
False
Is 3722465 a prime number?
False
Is 8103377 a prime number?
False
Is 992081 a composite number?
True
Is 3684067 a composite number?
True
Is 5125529 prime?
True
Is 9336829 composite?
False
Is 23386613 prime?
False
Is 17886977 composite?
False
Is 5588213 prime?
False
Is 8359007 composite?
False
Is 1880647 a prime number?
True
Is 206495 composite?
True
Is 4686881 composite?
False
Is 12945689 a composite number?
True
Is 631078571 a prime number?
True
Is 38871643 prime?
True
Is 6682561 composite?
False
Is 4063937 prime?
False
Is 117713 prime?
False
Is 44492743 a prime number?
True
Is 153493933 composite?
False
Is 11956379 a prime number?
False
Is 66852749 prime?
True
Is 16129159 a composite number?
False
Is 90225563 prime?
True
Is 6119746 composite?
True
Is 7703119 a prime number?
False
Is 57049313 prime?
True
Is 1190093 composite?
True
Is 6421241 composite?
True
Is 6493101 prime?
False
Is 1742647 a prime number?
True
Is 131149517 prime?
True
Is 290899657 prime?
True
Is 79137547 composite?
True
Is 2686667 a prime number?
True
Is 1037401 composite?
False
Is 309048451 prime?
False
Is 329213 a composite number?
True
Is 683491 composite?
True
Is 6222007 a composite number?
True
Is 84186047 prime?
False
Is 46045729 composite?
True
Is 29552377 a composite number?
True
Is 1942841 prime?
True
Is 47262541 composite?
False
Is 202868049 a prime number?
False
Is 449255489 a composite number?
False
Is 1408573 a prime number?
True
Is 8577743 prime?
True
Is 47768059 prime?
False
Is 487942261 a prime number?
True
Is 6927241 prime?
False
Is 3266339 a prime number?
True
Is 230720443 a composite number?
False
Is 4082126 a prime number?
False
Is 20159251 composite?
True
Is 166943135 a prime number?
False
Is 17362957 prime?
True
Is 151902847 a prime number?
False
Is 123181633 a composite number?
False
Is 248919257 a composite number?
True
Is 7550071 composite?
False
Is 334672753 a